2*f + 4*f + 185. Let p = 54 - s. Is p a composite number?
True
Let i = -374 - -774. Suppose 101 - i = -n. Is n prime?
False
Let j = 2569 - -1194. Is j prime?
False
Suppose 19*d = 28*d - 18918. Is d composite?
True
Suppose 18005 = 4*p - 9287. Is p composite?
False
Let n(z) = 3*z - 3. Let h be n(1). Let v = -6 + 8. Suppose -v*t - t + 561 = h. Is t a prime number?
False
Suppose -1 = -2*s - y + 4, -s - 2*y = -1. Let v be (-2)/(s - (-92)/(-28)). Suppose -3*l + v*l = -3*n + 325, 3*l - 244 = -2*n. Is l a composite number?
True
Let s = -27304 - -52443. Is s a prime number?
False
Let p(x) = 2225*x**2 + 44*x + 41. Is p(-6) a prime number?
False
Let b = -3 + 11. Suppose -5*v - 381 = -y, 0 = -3*y - 3*v + b*v + 1123. Is y a prime number?
False
Let t(x) = 25*x + 2. Let i be (-10)/(-6)*(5 - 11). Let u be (-48)/i + (-6)/(-30). Is t(u) composite?
False
Let m = 40 - 39. Is m + (-9)/6 + (-1627)/(-2) a composite number?
True
Let w = 12 - 5. Let r(s) = 109*s**2 - 86*s - 85. Let k be r(-1). Suppose -w*a = -12*a + k. Is a composite?
True
Suppose -5*o - 66684 = -9*o. Is o composite?
True
Let l = -37 - -47. Suppose -6*j + l*j = 1556. Is j a prime number?
True
Let l = 75 - 75. Suppose l = 4*i - 2*t + 4*t - 7572, 0 = -5*t - 20. Is i prime?
False
Let d be (-4)/(-1) + -3 - -37. Let w = 188 - d. Suppose 0 = -7*b + 977 + w. Is b a prime number?
False
Let n = -3751 - -5738. Is n a composite number?
False
Is (((-42)/9)/14)/(2/(-145902)) composite?
False
Let t be (-4)/(-18) + (6/(-27) - 0). Is 6243/4 + ((-4)/(-16) - t) a composite number?
True
Let z be 31/(-2)*2*-7. Let p be (-15)/(-9) + 2138/6. Suppose 5*j - z = p. Is j a composite number?
True
Let m = -9821 - -14658. Is m prime?
False
Let y = 104302 - 56063. Is y a composite number?
False
Let r(y) = 38*y**2 - 3*y + 14. Suppose 0*j + 10 = -2*j. Is r(j) prime?
False
Suppose -4*t + 2*t = -1560. Suppose -5 = -r, 5*r = -2*u + 62 - 27. Suppose 0 = -u*n - 165 + t. Is n prime?
False
Suppose -112*w - 15*w = -5016373. Is w a prime number?
True
Let s(c) = -c**3 + 5*c**2 - c + 5. Let y be s(5). Suppose y = -5*z - 3*j + 26662, -4*z + 3*z - 3*j + 5330 = 0. Is z a prime number?
True
Let t(z) be the third derivative of z**4/24 + 467*z**3/6 - 8*z**2. Is t(0) a prime number?
True
Let s be (((-876)/(-10))/(19/95))/(-1). Let y = s - -737. Is y a prime number?
False
Let m = 5509 + 364. Is m composite?
True
Suppose 5*f - 4*m = -0*m + 134697, -5*m + 53892 = 2*f. Is f composite?
True
Suppose -3*y - h = -46482, -4*h - 32378 = -2*y - 1404. Is y composite?
False
Suppose -5*p + 193960 = 5*x, 77566 = 2*p - 34*x + 30*x. Is p a prime number?
False
Suppose 4*m + 5*g - 42 = -5, 4*m - 5*g + 13 = 0. Suppose -158 = -5*y - l, 78 = -0*y + m*y - 5*l. Is y composite?
False
Suppose 4905 = -18*c + 23*c. Suppose -2*l = -5*d + 3*d + 656, 3*d - 4*l = c. Is d composite?
False
Suppose -6*s = -2*s. Let y(r) = 2*r**3 - r**2 + 293. Is y(s) composite?
False
Let g(r) = -r**2 + 36*r - 83. Is g(30) a prime number?
True
Suppose -2*r - 1196 = -5*r - h, r - 408 = 2*h. Suppose 2*p = 2*t + 2*t + r, 4*t = -8. Suppose 59 + p = 5*l. Is l a prime number?
False
Let c(n) = -n. Let v be c(-4). Suppose -v*q = 854 - 70. Is (5 - 2)*1 - q prime?
True
Suppose p - 3*i + 308 = 0, p + 3*i + 63 = -233. Let m = -293 + 806. Let z = m + p. Is z a composite number?
False
Suppose 5*t - 3*v - 23 = 0, -5*v + v - 20 = -4*t. Let l(m) = 5*m - 8*m - 10*m**2 + 8*m - 2*m - 4 + 10*m**3 - 1. Is l(t) composite?
False
Let x be (-1)/(-2) + (-18)/(-4). Suppose -12 - 3 = -x*p. Suppose -p*i + 60 = -9. Is i a composite number?
False
Let b(z) = -18*z**3 + 2*z**2 - 3. Suppose 7*o - 3*o = 2*u + 2, -3*o = -2*u - 4. Is b(o) prime?
True
Let h = -2 + -8. Let m be h*3*(-2)/12. Suppose -m*n + 142 + 333 = 0. Is n a composite number?
True
Suppose 0 = 2*i + 4*m - 24, -4*m = -4*i - i + 4. Suppose 0 = -3*s, -i*n - s - 11 = 1. Is n/6 + (-217)/(-14) a composite number?
True
Let i(d) = 130*d + 7. Let z(o) = -130*o - 7. Let t(x) = -2*i(x) - 3*z(x). Is t(6) prime?
True
Let n be 32/12*-1*(-5814)/4. Let q = n - -1643. Is q a prime number?
True
Let i(c) = 7 + 2 - c - 4. Let v be i(0). Suppose 0 = -v*o - 0*o + 1315. Is o a composite number?
False
Suppose -5*a - y - 284 = 0, -4*a - 169 = -a + 2*y. Let l = 758 + a. Is l a composite number?
False
Suppose -2*v = 8, -v = 2*h - 5*v - 19542. Is h composite?
True
Let n(c) = 384*c**2 - 194*c + 3 - 198*c + 387*c. Is n(2) a composite number?
True
Suppose -3*l = 4*d - 28, -2*l - 2*d + 8 = -l. Let u(g) be the second derivative of 31*g**3/6 - g**2/2 - 4*g - 12. Is u(l) a composite number?
True
Let x(c) = 318*c - 445. Is x(27) composite?
True
Suppose 5*q - 2*q = 3570. Let c be q/8 - 2/(-8). Let h = 242 + c. Is h prime?
False
Suppose s - 5*d + 25 = 0, -6 + 21 = 2*s + 3*d. Let w be (16/(-28))/(10/35) + 31. Suppose s = -6*f + w + 25. Is f a prime number?
False
Let r(h) = -72*h + 7. Let v(a) = -a**3 + 9*a**2 + 8*a + 9. Let l be v(10). Is r(l) composite?
True
Suppose b + 14 = 3*b - 2*q, 0 = -5*b - 2*q. Suppose -4*y - 5*x = -2149, y + 3*x - b*x - 538 = 0. Is y prime?
True
Let t(r) = 3*r**3 - 20*r**2 - 17*r + 225. Is t(16) prime?
True
Let k(s) = -3*s - 15. Let c be k(-9). Suppose -c*g + 15263 = 1451. Is g prime?
True
Suppose -4*p = 5*m - 14, 0*m + m + 2*p - 4 = 0. Let h(x) = 179*x**2 - 31*x**m + 1 - 5*x**2 - x. Is h(1) a composite number?
True
Let y = -18 - -21. Suppose -1216 = -y*q + 1949. Is q composite?
True
Let n(c) = -42*c - 11. Let r be 2/10 + -4 + (-2)/10. Is n(r) a composite number?
False
Let p(g) = 21*g**3 - 2*g - 1. Let k be p(-2). Is (-596)/(-5)*(k/(-6))/11 prime?
False
Suppose 2*w - 5*w = p - 101, w - 39 = p. Let k = 76 + w. Is k a prime number?
False
Suppose -8*d - 13491 = d. Let r = d + 2238. Is r prime?
True
Suppose 0 = 3*x + o + 2, -15 = 3*o. Suppose 2*u - 3 = x. Suppose -3*a = -n - 290, 0*n = 2*a - u*n - 192. Is a a composite number?
False
Is (16/24*-3)/(4/(-326)) prime?
True
Let f = -123 + 2368. Is f prime?
False
Let w be (-1)/3 - (-274)/(-6). Let v = 141 + w. Is v a prime number?
False
Suppose -8*k + 13*k - 20 = 0. Suppose 2*a + k = -2*r + 42, -3*a - 4*r = -56. Is a*(-4)/(32/(-26)) composite?
True
Let c(x) = 205*x + 10. Let o be c(4). Suppose -2*s = -o - 7528. Suppose -5*k + s = -2*k. Is k composite?
True
Let d be -23 + 2*(-4 - -2). Is 81 - d - (-2)/2 a composite number?
False
Let f be 0/(-2 + (1 - 0)). Suppose -3*s + 2451 = -3*l, -2*s + f*l = -l - 1637. Suppose -7*z + q = -3*z - s, -4*q = 0. Is z prime?
False
Suppose 0 = r + t + 2*t - 11, 4*r + 1 = 3*t. Suppose -5*s - 966 = -r*m, -85 + 2053 = 4*m - s. Let h = m - 290. Is h a prime number?
False
Suppose 0 = -z - 3, 2*s - 120 + 363 = -z. Let f be s/(-25) + (-2)/(-10). Suppose 0 = v + f*l - 113 - 20, -3*l = 4*v - 464. Is v composite?
False
Let z(g) = g + 36. Let k be z(-5). Let d = k - -4. Is d a prime number?
False
Suppose 5*z - 70 = -3*l + l, 0 = -5*l - 2*z + 133. Let h be (-6)/((-9)/6*1). Suppose -5*t - l = 0, h*t - 247 = -3*s - 0*t. Is s a prime number?
True
Suppose 0 = -3*a - 3*f + 5394, -a - a + 3587 = 5*f. Is a a prime number?
True
Suppose -f = 18 + 18. Let a be 9/2*(-24)/f. Suppose 0 = -a*h + 3*r + 654, 2*r - r - 228 = -h. Is h a prime number?
True
Let d(a) = 9*a**2 + 34*a + 2. Is d(-11) prime?
False
Suppose -3*i = -8*i + 60. Let p(d) = 38*d - 13 + 46*d - 48*d. Is p(i) a prime number?
True
Suppose -2 + 0 = 2*p, 5*p = -3*k + 18469. Let r = k - 4359. Is r a prime number?
False
Suppose 4*z - 1079 = -0*w - w, 3*z - 822 = -5*w. Suppose p + 807 = 3*d, 4*p = 3*d - 4*d + z. Is d prime?
True
Is 16354/13 + -1 + 0 a composite number?
True
Let a = -590 - -847. Let q = a - -4442. Is q prime?
False
Suppose t + 2*q = 4, 4*t + 0*q + 5*q = 31. Let o = 39 + t. Is o prime?
True
Let b(v) = -8*v - 6. Let h(n) = -7*n - 5. Let y(r) = 6*b(r) - 7*h(r). Let x(a) = a + 12. Let q(o) = x(o) - 2*y(o). Is q(-11) a prime number?
False
Suppose 5*m = -3*b + 36, 2*m = 5*b + m - 60. Is 1389/12 + (-9)/b prime?
False
Suppose 925880 = 91*s - 51*s. Is s a composite number?
True
Let p be 32/7 - 5 - 374/(-7). Suppose -u - p = -972. Is u a composite number?
False
Let d(a) = -255*a + 67. Let k(c) = -64*c + 17. Let u(t) = 2*d(t) - 9*k(t). Is u(8) a prime number?
True
Let h(b) = -3*b + 9*b + 24 - 24*b - 15*b. Let w be h(-7). Is w*((-8)/12 + 1) a prime number?
False
Suppose -4*q +